{"id":98,"date":"2011-07-29T08:52:04","date_gmt":"2011-07-29T06:52:04","guid":{"rendered":"http:\/\/www.habakaki.de\/wordpress\/?page_id=98"},"modified":"2011-12-12T08:48:50","modified_gmt":"2011-12-12T07:48:50","slug":"jungen-c","status":"publish","type":"page","link":"http:\/\/www.habakaki.de\/wordpress\/mannschaften\/historie\/jungen\/jungen-c","title":{"rendered":"Jungen C (1997\/1998)"},"content":{"rendered":"<p>&nbsp;<\/p>\n<table border=\"0\">\n<tbody>\n<tr>\n<td>\n<p>no images were found<\/p>\n\n<p>&nbsp;<\/p>\n<\/td>\n<\/tr>\n<tr>\n<td>\n<p><a href=\"http:\/\/sis-handball.de\/web\/AktuelleSeite\/default.aspx?view=AktuelleSeite&amp;Liga=001512505502514503000000000000000007000&amp;clear=1\" target=\"_blank\"><strong>\u00a0SIS Spielplan und Tabelle<\/strong><\/a><\/p>\n<p><a title=\"Spielberichte Jungen C\" href=\"http:\/\/www.habakaki.de\/wordpress\/mannschaften\/jungen\/jungen-c\/spielberichte-jungen-c\"><strong>\u00a0Spielberichte<\/strong><\/a><\/p>\n<p><a title=\"Torsch\u00fctzen Jungen C\" href=\"http:\/\/www.habakaki.de\/wordpress\/mannschaften\/jungen\/jungen-c\/torschutzen-jungen-c-2\"><strong>\u00a0Torsch\u00fctzenliste<\/strong><\/a><\/p>\n<p><strong><\/strong>\u00a0 <strong>Training:<\/strong><\/p>\n<p><strong>\u00a0<\/strong>dienstags: 19:00 &#8211; 20:30 Uhr\u00a0Grenzwaldstr.<\/p>\n<\/td>\n<\/tr>\n<tr>\n<td>\n<p><strong>Saison 2011\/12<\/strong><\/p>\n<p>hintere Reihe: Betreuer Roland Cla\u00dfen, Trainer Wolfgang Schr\u00f6der, Niklas Reinecke, Dominik Oestreich, Kilian Albrecht, Fabian Beckers, Brian Lobert, Trainer Uli Hin\u00fcber<\/p>\n<p>vordere Reihe: Michel Cla\u00dfen, Rouven Wey, Cedric Br\u00fcster, Yasin Yildiz,\u00a0Felix Tillmanns<\/p>\n<\/td>\n<\/tr>\n<\/tbody>\n<\/table>\n<p>&nbsp;<\/p>\n","protected":false},"excerpt":{"rendered":"<p>&nbsp; &nbsp; \u00a0SIS Spielplan und Tabelle \u00a0Spielberichte \u00a0Torsch\u00fctzenliste \u00a0 Training: \u00a0dienstags: 19:00 &#8211; 20:30 Uhr\u00a0Grenzwaldstr. [&hellip;]<\/p>\n","protected":false},"author":3,"featured_media":0,"parent":73,"menu_order":3,"comment_status":"closed","ping_status":"closed","template":"","meta":{"ngg_post_thumbnail":0,"gutenify_custom_css":"","gutenify_custom_css_data":""},"_links":{"self":[{"href":"http:\/\/www.habakaki.de\/wordpress\/wp-json\/wp\/v2\/pages\/98"}],"collection":[{"href":"http:\/\/www.habakaki.de\/wordpress\/wp-json\/wp\/v2\/pages"}],"about":[{"href":"http:\/\/www.habakaki.de\/wordpress\/wp-json\/wp\/v2\/types\/page"}],"author":[{"embeddable":true,"href":"http:\/\/www.habakaki.de\/wordpress\/wp-json\/wp\/v2\/users\/3"}],"replies":[{"embeddable":true,"href":"http:\/\/www.habakaki.de\/wordpress\/wp-json\/wp\/v2\/comments?post=98"}],"version-history":[{"count":47,"href":"http:\/\/www.habakaki.de\/wordpress\/wp-json\/wp\/v2\/pages\/98\/revisions"}],"predecessor-version":[{"id":849,"href":"http:\/\/www.habakaki.de\/wordpress\/wp-json\/wp\/v2\/pages\/98\/revisions\/849"}],"up":[{"embeddable":true,"href":"http:\/\/www.habakaki.de\/wordpress\/wp-json\/wp\/v2\/pages\/73"}],"wp:attachment":[{"href":"http:\/\/www.habakaki.de\/wordpress\/wp-json\/wp\/v2\/media?parent=98"}],"curies":[{"name":"wp","href":"https:\/\/api.w.org\/{rel}","templated":true}]}}