{"id":1131,"date":"2011-08-11T10:11:51","date_gmt":"2011-08-11T08:11:51","guid":{"rendered":"http:\/\/www.habakaki.de\/wordpress\/?page_id=1131"},"modified":"2011-10-24T13:20:42","modified_gmt":"2011-10-24T11:20:42","slug":"spielberichte-madchen-f","status":"publish","type":"page","link":"http:\/\/www.habakaki.de\/wordpress\/mannschaften\/historie\/madchen\/madchen-f\/spielberichte-madchen-f","title":{"rendered":"Spielberichte M\u00e4dchen F"},"content":{"rendered":"<p><span style=\"font-family: verdana,geneva; font-size: small;\"><strong>09.10.11\u00a0 TV Jahn Bockum &#8211; TSV Kaldenkirchen wF\u00a0 10:0\u00a0 (7:0)<\/strong><\/span><\/p>\n<p><span style=\"font-family: verdana,geneva; font-size: small;\">Das Spielen in der gro\u00dfen Hallen bereitet der weiblichen F-Jugend noch einige Probleme. Zudem verf\u00fcgte der Gegner \u00fcber zwei starke Spielerinnen, die immer wieder den Weg zum Tor fanden. Katleen Evers hielt zwar stark, konnte aber auch nicht den deutlichen 7:0 Halbzeitstand verhindern. Die TSVerinnen k\u00e4mpften um jeden Ball, vergaben jedoch einige gute Chancen vor dem Tor. So blieb man ohne einen Treffer und verlor am Ende mit 10:0. Es spielten: Katleen Evers (Tor), Finja u. Joelle Streithoven, Destiny Thiele, Vera Reiffs, Miriam Wienen, Hannah Besta, Lone M\u00fcnter, Clara Zillkens, Meret Fischermanns, Mara Pl\u00fccken, Emma Pollozek.<\/span><\/p>\n<hr \/>\n<p><strong><span style=\"font-family: verdana,geneva; font-size: small;\">01.10.11\u00a0 TSV Kaldenkirchen wF \u2013 SV Straelen\u00a0 5:9 (3:5)<\/span><\/strong><\/p>\n<p><span style=\"font-family: verdana,geneva; font-size: small;\">Zu Beginn des Spiels der F-Jugend gegen Straelen waren viele Spielerinnen noch sehr nerv\u00f6s. Im Angriff wurde der Ball leider oft verloren, was dem Gegner viele Torchancen brachte. Im Verlaufe der Partie konnte man sich dann mehr B\u00e4lle zur\u00fcckerobern, beim Torwurf hapert es aber noch. Alle Spielerinnen haben aber gek\u00e4mpft, so blieb die 5:9 Niederlage am Ende vertr\u00e4glich. Die Treffer f\u00fcr den TSV erzielten Vera Reiffs (4) und Destiny Thiele (1).<\/span><\/p>\n","protected":false},"excerpt":{"rendered":"<p>09.10.11\u00a0 TV Jahn Bockum &#8211; TSV Kaldenkirchen wF\u00a0 10:0\u00a0 (7:0) Das Spielen in der gro\u00dfen [&hellip;]<\/p>\n","protected":false},"author":3,"featured_media":0,"parent":121,"menu_order":1,"comment_status":"closed","ping_status":"closed","template":"","meta":{"ngg_post_thumbnail":0,"gutenify_custom_css":"","gutenify_custom_css_data":""},"_links":{"self":[{"href":"http:\/\/www.habakaki.de\/wordpress\/wp-json\/wp\/v2\/pages\/1131"}],"collection":[{"href":"http:\/\/www.habakaki.de\/wordpress\/wp-json\/wp\/v2\/pages"}],"about":[{"href":"http:\/\/www.habakaki.de\/wordpress\/wp-json\/wp\/v2\/types\/page"}],"author":[{"embeddable":true,"href":"http:\/\/www.habakaki.de\/wordpress\/wp-json\/wp\/v2\/users\/3"}],"replies":[{"embeddable":true,"href":"http:\/\/www.habakaki.de\/wordpress\/wp-json\/wp\/v2\/comments?post=1131"}],"version-history":[{"count":4,"href":"http:\/\/www.habakaki.de\/wordpress\/wp-json\/wp\/v2\/pages\/1131\/revisions"}],"predecessor-version":[{"id":1972,"href":"http:\/\/www.habakaki.de\/wordpress\/wp-json\/wp\/v2\/pages\/1131\/revisions\/1972"}],"up":[{"embeddable":true,"href":"http:\/\/www.habakaki.de\/wordpress\/wp-json\/wp\/v2\/pages\/121"}],"wp:attachment":[{"href":"http:\/\/www.habakaki.de\/wordpress\/wp-json\/wp\/v2\/media?parent=1131"}],"curies":[{"name":"wp","href":"https:\/\/api.w.org\/{rel}","templated":true}]}}