{"id":1122,"date":"2011-08-11T10:07:43","date_gmt":"2011-08-11T08:07:43","guid":{"rendered":"http:\/\/www.habakaki.de\/wordpress\/?page_id=1122"},"modified":"2011-10-25T00:25:59","modified_gmt":"2011-10-24T22:25:59","slug":"spielberichte-madchen-c","status":"publish","type":"page","link":"http:\/\/www.habakaki.de\/wordpress\/mannschaften\/historie\/madchen\/madchen-c\/spielberichte-madchen-c","title":{"rendered":"Spielberichte M\u00e4dchen C"},"content":{"rendered":"<p><span style=\"font-family: verdana,geneva; font-size: small;\"><strong>15.10.11\u00a0 TSV Kaldenkirchen \u00a0&#8211; TV Schiefbahn 5:21 (2:9)<\/strong><\/span><\/p>\n<hr \/>\n<p><span style=\"font-family: verdana,geneva; font-size: small;\"><strong>08.10.11\u00a0 TSV Kaldenkirchen &#8211; Tschft.St.T\u00f6nis 4:11 (2:5)<\/strong><\/span><\/p>\n<div><span style=\"font-family: verdana,geneva; font-size: small;\">Zu Beginn des Spieles waren beide Mannschaften Ergebnis recht ausgeglichen. ImSpielverlauf hatten die St.T\u00f6niser jedoch das gr\u00f6\u00dfere Wurfgl\u00fcck als die Tsv-M\u00e4dels. Auf Seiten der Tsver gl\u00e4nzte Corinna Beckers und auch in der Abwehr waren sch\u00f6ne Situationen zu sehen. Am Ende reichte es leider nicht f\u00fcr einem Sieg. F\u00fcr den Tsv trafen: Lorena Hegholz und Celine Geraedts (je 2).<\/span>\u00a0<\/div>\n<hr \/>\n<p><strong><span style=\"font-family: verdana,geneva; font-size: small;\">01.10.11\u00a0 Sportverein Straelen\u00a0&#8211; TSV Kaldenkirchen 26:9\u00a0(14:5) <\/span><\/strong><\/p>\n<p><span style=\"font-family: verdana,geneva; font-size: small;\">Nach einem anf\u00e4nglichen ausgeglichenen Spiel (4:3) gegen den Tabellenf\u00fchrer, bildeten sich immer mehr die St\u00e4rken der Straelener herraus, welche vorallem durch ein schnelles Tempospiel ihre F\u00fchrung schnell klar herrausspielen konnten. Trotz des deutlichen Ergebnisses konnten die TSV &#8211; M\u00e4dels vorallem in der Abwehr pers\u00f6nliche Erfolge verbuchen. Corinna Beckers zeigte ein starke Leistung im Tor. F\u00fcr den TSV trafen: Lorena Hegholz (4), Vanessa Hauser (2), Alina Mora (2) und Tatjana Lehnen (1).<\/span><\/p>\n<hr \/>\n<p><span style=\"font-family: verdana,geneva; font-size: small;\"><strong>25.09.11\u00a0 TSV Kaldenkirchen\u00a0 &#8211; VT Kempen\u00a011:22 (3:13)<\/strong><\/span><\/p>\n<p><span style=\"font-family: verdana,geneva; font-size: small;\">Schon zu Beginn an waren die Kempener wurfst\u00e4rker und angriffslustiger als ihr Gegner. Obwohl die TSV &#8211; M\u00e4dels eine gute Abwehrleistung zeigten, gelang es den G\u00e4sten einige Male mehr, als ihren Gastgebern das gegnerische Tot zu treffen. Zwar gelang es in der zweiten Halbzeit den Abstand noch einmal etwas zu verk\u00fcrzen, jedoch gelang es dem TSV nie die F\u00fchrung zu \u00fcbernehmen. So gewann Kempen am Ende mit 11:22.F\u00fcr den TSV trafen: Lorena Hegholz (7),Vanessa Hauser (3) und Alina Mora (1).\u00a0<\/span><\/p>\n<hr \/>\n<p><span style=\"font-family: verdana,geneva; font-size: small;\"><strong>18.09.11\u00a0 ASV S\u00fcchteln -TSV Kaldenkirchen\u00a0\u00a019:13\u00a0 (9:4)<\/strong><\/span><\/p>\n<p><span style=\"font-family: verdana,geneva; font-size: small;\">Ersatzgeschw\u00e4cht reisten die\u00a0 TSVerinnen nach S\u00fcchteln. Die anf\u00e4ngliche Nervosit\u00e4t und Unsicherheit der TSV-M\u00e4dchen nutzte der Gastgeber mit einer fr\u00fchen F\u00fchrung, die der ASV nicht mehr abgab. Sophie Bauten machte eine gute Partie in ihrem ersten Handballspiel, sowie Elisa Opdenberg mit ihrer Premiere im Tor in der zweiten Halbzeit. F\u00fcr den TSV trafen: Lorena Hegholz und Vanessa Hauser (je 3), Alina Mora, Celine Geraedts und Chiara Rosati (je 2) sowie Corinna Beckers.<\/span><\/p>\n","protected":false},"excerpt":{"rendered":"<p>15.10.11\u00a0 TSV Kaldenkirchen \u00a0&#8211; TV Schiefbahn 5:21 (2:9) 08.10.11\u00a0 TSV Kaldenkirchen &#8211; Tschft.St.T\u00f6nis 4:11 (2:5) [&hellip;]<\/p>\n","protected":false},"author":3,"featured_media":0,"parent":115,"menu_order":1,"comment_status":"closed","ping_status":"closed","template":"","meta":{"ngg_post_thumbnail":0,"gutenify_custom_css":"","gutenify_custom_css_data":""},"_links":{"self":[{"href":"http:\/\/www.habakaki.de\/wordpress\/wp-json\/wp\/v2\/pages\/1122"}],"collection":[{"href":"http:\/\/www.habakaki.de\/wordpress\/wp-json\/wp\/v2\/pages"}],"about":[{"href":"http:\/\/www.habakaki.de\/wordpress\/wp-json\/wp\/v2\/types\/page"}],"author":[{"embeddable":true,"href":"http:\/\/www.habakaki.de\/wordpress\/wp-json\/wp\/v2\/users\/3"}],"replies":[{"embeddable":true,"href":"http:\/\/www.habakaki.de\/wordpress\/wp-json\/wp\/v2\/comments?post=1122"}],"version-history":[{"count":8,"href":"http:\/\/www.habakaki.de\/wordpress\/wp-json\/wp\/v2\/pages\/1122\/revisions"}],"predecessor-version":[{"id":1510,"href":"http:\/\/www.habakaki.de\/wordpress\/wp-json\/wp\/v2\/pages\/1122\/revisions\/1510"}],"up":[{"embeddable":true,"href":"http:\/\/www.habakaki.de\/wordpress\/wp-json\/wp\/v2\/pages\/115"}],"wp:attachment":[{"href":"http:\/\/www.habakaki.de\/wordpress\/wp-json\/wp\/v2\/media?parent=1122"}],"curies":[{"name":"wp","href":"https:\/\/api.w.org\/{rel}","templated":true}]}}