{"id":1111,"date":"2011-08-11T10:00:38","date_gmt":"2011-08-11T08:00:38","guid":{"rendered":"http:\/\/www.habakaki.de\/wordpress\/?page_id=1111"},"modified":"2011-10-24T12:42:20","modified_gmt":"2011-10-24T10:42:20","slug":"spielberichte-jungen-c","status":"publish","type":"page","link":"http:\/\/www.habakaki.de\/wordpress\/mannschaften\/historie\/jungen\/jungen-c\/spielberichte-jungen-c","title":{"rendered":"Spielberichte Jungen C"},"content":{"rendered":"<p>&nbsp;<\/p>\n<p><span style=\"font-family: verdana,geneva; font-size: small;\"><strong>16.10.11 TSV Kaldenkirchen &#8211; VT Kempen\u00a0 12:8 (5:4)<\/strong><\/span><\/p>\n<p><span style=\"font-family: verdana,geneva; font-size: small;\">Gest\u00fctzt auf eine solide Abwehrleistung und einem \u00fcberragenden Cedric Br\u00fcster im Tor gewann der TSV sein zweites\u00a0Saisonspiel.\u00a0Im Angriff wurden leider wieder\u00a0viele Torm\u00f6glichkeiten ausgelassen, so dass Kempen dass Spiel bis Mitte der 2. H\u00e4lfte ausgeglichen gestalten konnte. Erst danach gelangen Dominik Oestreich (4) und Kilian Albrecht (4)\u00a0 die\u00a0 Treffer zum spielentscheidenen Drei-Torevorsprung (10:7). Die weiteren Tore\u00a0erzielten: Fabian Beckers (2), Rouven Wey und Felix Tillmanns (je 1).\u00a0\u00a0\u00a0<\/span><\/p>\n<hr \/>\n<p>&nbsp;<\/p>\n<p><span style=\"font-size: small;\"><strong><span style=\"font-family: verdana,geneva;\">08.10.11 TSV Kaldenkirchen &#8211; DJK St. Hubert\u00a0 20:21 (7:8)<\/span><\/strong><\/span><\/p>\n<p><span style=\"font-family: verdana,geneva; font-size: small;\">Nach ausgeglichener ersten Halbzeit gestattete der TSV, wie schon in der Vorwoche in D\u00fclken, dem heutigen Gegner aus St.Hubert in den ersten Spielminuten des zweiten Durchgangs zu viel Freiheiten, so dass dieser schnell auf 8:12 davon ziehen konnte. Gleiches passierte, nach erzieltem Ausgleich zum 16:16, in den letzten Spielminuten (17:20). In den entscheidenen Phasen fehlt der Mannschaft noch die Abgekl\u00e4rtheit, um auch solche Spiele erfolreich gestalten zu k\u00f6nnen.<\/span><\/p>\n<p><span style=\"font-size: small;\"><span style=\"font-family: verdana,geneva;\">Torsch\u00fctzen f\u00fcr den TSV: Dominik Oestreich (8\/5), Felix Tillmanns (7), Kilian Albrecht (4), Brian Lobert (1).<\/span>\u00a0 <\/span><\/p>\n<hr \/>\n<p>&nbsp;<\/p>\n<p><span style=\"font-size: small;\"><strong><span style=\"font-family: verdana,geneva;\">02.10.11 SG D\u00fclken &#8211; TSV Kaldenkirchen 14:13 (6:7)<\/span><\/strong><\/span><\/p>\n<p><span style=\"font-size: small;\"><span style=\"font-family: verdana,geneva;\">Nach der 8:6 F\u00fchrung Anfang der zweiten Halbzeit verlor der TSV den Faden und lie\u00df die SG auf 13:8 davonziehen. Nach einer Auszeit und Umstellungen im Angriff setzte sich die Mannschaft besser in Szene. Insbesondere Rouven Wey (3 Tore) spielte in dieser Phase stark auf und f\u00fchrte die Blau-Wei\u00dfen bis auf 12:13 heran. Letztlich wurden aber zu viele klare Torchancen vergeben, um das Spiel noch zu gewinnen. <\/span><span style=\"font-family: verdana,geneva;\">Die weiteren Tore erzielten: Felix Tillmanns (4), Kilian Albrecht (2), Fabian Beckers, Brian Lobert, Dominik Oestreich, Niklas Reinecke (je 1).<\/span>\u00a0<\/span><\/p>\n<hr \/>\n<p><span style=\"font-size: small;\"><strong><span style=\"font-family: verdana,geneva;\">24.09.11\u00a0 TSV Kaldenkirchen\u00a0\u2013 ASV S\u00fcchteln\u00a0 13:9\u00a0 (8:4)<\/span><\/strong><\/span><\/p>\n<p><span style=\"font-family: verdana,geneva; font-size: small;\">Bereits bis Mitte der ersten Halbzeit erspielte sich die m\u00e4nnliche C des TSV aus einer sicheren Abwehr heraus und mit einem starken Cedric Br\u00fcster im Tor den entscheidenen Vorsprung zum ersten Meisterschaftserfolg. Felix Tillmanns zog aus der Angriffsmitte geschickt die F\u00e4den und war mit insgesamt sieben Toren erfolgreichster Werfer. Die weiteren Tore erzielten Fabian Beckers (2), Brian Lobert, Dominik Oestreich, Niklas Reinecke und Rouven Wey (je 1).<\/span><\/p>\n<hr \/>\n<p><span style=\"font-family: verdana,geneva; font-size: small;\"><strong>18.09.11\u00a0 TV Aldekerk -TSV Kaldenkirchen 28:21\u00a0 (14:11)<\/strong><\/span><\/p>\n<p><span style=\"font-size: small;\"><span style=\"font-family: verdana,geneva;\">Bei einem Kader von acht Spielern reichte die Kraft diesmal nur f\u00fcr 35 Minuten (13:15). Bis dahin hatte der TSV immer eine Alternative, um sich gegen die starken Aldekerker wehren zu k\u00f6nnen. F\u00fcr den TSV spielten: Cedric Br\u00fcster (Tor), Kilian Albrecht (5), Fabian Beckers (3),Brian Lobert, Dominik Oestreich (3\/1), Niklas Reinecke (2), Felix Tillmanns (7\/3), Rouven Wey (1).<\/span>\u00a0<\/span><\/p>\n","protected":false},"excerpt":{"rendered":"<p>&nbsp; 16.10.11 TSV Kaldenkirchen &#8211; VT Kempen\u00a0 12:8 (5:4) Gest\u00fctzt auf eine solide Abwehrleistung und [&hellip;]<\/p>\n","protected":false},"author":3,"featured_media":0,"parent":98,"menu_order":0,"comment_status":"closed","ping_status":"closed","template":"","meta":{"ngg_post_thumbnail":0,"gutenify_custom_css":"","gutenify_custom_css_data":""},"_links":{"self":[{"href":"http:\/\/www.habakaki.de\/wordpress\/wp-json\/wp\/v2\/pages\/1111"}],"collection":[{"href":"http:\/\/www.habakaki.de\/wordpress\/wp-json\/wp\/v2\/pages"}],"about":[{"href":"http:\/\/www.habakaki.de\/wordpress\/wp-json\/wp\/v2\/types\/page"}],"author":[{"embeddable":true,"href":"http:\/\/www.habakaki.de\/wordpress\/wp-json\/wp\/v2\/users\/3"}],"replies":[{"embeddable":true,"href":"http:\/\/www.habakaki.de\/wordpress\/wp-json\/wp\/v2\/comments?post=1111"}],"version-history":[{"count":18,"href":"http:\/\/www.habakaki.de\/wordpress\/wp-json\/wp\/v2\/pages\/1111\/revisions"}],"predecessor-version":[{"id":1495,"href":"http:\/\/www.habakaki.de\/wordpress\/wp-json\/wp\/v2\/pages\/1111\/revisions\/1495"}],"up":[{"embeddable":true,"href":"http:\/\/www.habakaki.de\/wordpress\/wp-json\/wp\/v2\/pages\/98"}],"wp:attachment":[{"href":"http:\/\/www.habakaki.de\/wordpress\/wp-json\/wp\/v2\/media?parent=1111"}],"curies":[{"name":"wp","href":"https:\/\/api.w.org\/{rel}","templated":true}]}}