{"id":1064,"date":"2011-08-11T09:40:24","date_gmt":"2011-08-11T07:40:24","guid":{"rendered":"http:\/\/www.habakaki.de\/wordpress\/?page_id=1064"},"modified":"2013-06-07T11:51:35","modified_gmt":"2013-06-07T09:51:35","slug":"spielberichte-2-damen","status":"publish","type":"page","link":"http:\/\/www.habakaki.de\/wordpress\/mannschaften\/historie\/spielberichte-2-damen","title":{"rendered":"&#8211; Spielberichte 2. Damen"},"content":{"rendered":"<p><strong><span style=\"font-family: verdana,geneva; font-size: small;\">15.10.11 TSV Kaldenkirchen\u00a0&#8211; Orterrather TV 11:18 (4:10)<\/span><\/strong><\/p>\n<p><span style=\"font-family: verdana,geneva; font-size: small;\">Nachdem die TSVer in der ersten Halbzeit mit 4:10 hinten lagen schafften sie es dank dem beherzten eingreifen von Andrea Marganiec, welche 3 Siebenmeter nacheinander herausholte noch einmal bis 9:12 heran zukommen. Jasmin Rupprecht erzielte ihre ersten beiden Saisontore. F\u00fcr den TSV trafen Verena Karpowitz (7), Jasmin Rupprecht (2), Andrea Marganiec und Julia Boehm (je 1).<\/span><\/p>\n<hr \/>\n<p><span style=\"font-family: verdana,geneva; font-size: small;\"><strong>06.10.11 TV Vorst\u00a0&#8211; TSV Kaldenkirchen 14:10 (7:3)<\/strong><\/span><\/p>\n<p><span style=\"font-family: verdana,geneva; font-size: small;\">Schon vor Spielbeginn war alles anders. Die Partie wurde an einem Donnerstagabend ausgetragen, der TSV konnte nicht auf seinen Stammtorh\u00fcter zur\u00fcckgreifen und auch die Trikots der G\u00e4ste fanden nicht p\u00fcnktlich zum Spielbeginn den Weg in die Vorster \u2013 Halle. So kam es das beide Mannschaften \u00a0in Vorster \u2013 Trikots das Spiel er\u00f6ffneten.\u00a0 Jasmin Rupprecht, welche f\u00fcr die verletze Lisa Walkowiak den Platz im Tor einnahm, brillierte im Tor, so dass die Gastgeber\u00a0nur 7:3 f\u00fchrten. In der zweiten Halbzeit fiel dann jedoch die Mauer, so dass der TSV noch einmal auf 12:10 heran kam. Zum Schluss reichte es jedoch nicht f\u00fcr einen Sieg f\u00fcr den TSV da vor allem am Ende noch die ein oder andere sichere Torchance ausgelassen wurde. F\u00fcr den TSV trafen: Verena Karpowitz (6), Julia Boehm (2), Stefanie Rennen und Andrea Marganiec (je 1).<\/span><\/p>\n<hr \/>\n<p><span style=\"font-family: verdana,geneva; font-size: small;\"><strong>25.09.11\u00a0 TSV Kaldenkirchen &#8211; SG D\u00fclken\u00a04:10 (3:4)<\/strong><\/span><\/p>\n<p><span style=\"font-family: verdana,geneva; font-size: small;\">Von Beginn an f\u00fchrten die D\u00fclkener und dominierten das torarme Spiel. Zwar gelang es dem TSV den 4:1 R\u00fcckstand bis zur Halbzeit noch einmal auf 3:4 zu verk\u00fcrzen, jedoch gaben die G\u00e4ste zu keiner Zeit die F\u00fchrung aus der Hand und bauten bis zum Ende der Partie ihre F\u00fchrung zu einem 4:10 aus.F\u00fcr den TSV spielten und trafen: Lisa Walkowiak (Tor), Verena Karpowitz (3), Ann-Katrin Hin\u00fcber, Rebecca Heyer (1), Andrea Marganiec, Sabrina Katzmann, Eva Burghardt, Hannah Stumpe, Stephanie Rennen, Julia Boehm, Lara Kleinschmidt, Lena Hin\u00fcber und Jasmin Rupprecht.<\/span><\/p>\n","protected":false},"excerpt":{"rendered":"<p>15.10.11 TSV Kaldenkirchen\u00a0&#8211; Orterrather TV 11:18 (4:10) Nachdem die TSVer in der ersten Halbzeit mit [&hellip;]<\/p>\n","protected":false},"author":3,"featured_media":0,"parent":2643,"menu_order":15,"comment_status":"closed","ping_status":"closed","template":"","meta":{"ngg_post_thumbnail":0,"gutenify_custom_css":"","gutenify_custom_css_data":""},"_links":{"self":[{"href":"http:\/\/www.habakaki.de\/wordpress\/wp-json\/wp\/v2\/pages\/1064"}],"collection":[{"href":"http:\/\/www.habakaki.de\/wordpress\/wp-json\/wp\/v2\/pages"}],"about":[{"href":"http:\/\/www.habakaki.de\/wordpress\/wp-json\/wp\/v2\/types\/page"}],"author":[{"embeddable":true,"href":"http:\/\/www.habakaki.de\/wordpress\/wp-json\/wp\/v2\/users\/3"}],"replies":[{"embeddable":true,"href":"http:\/\/www.habakaki.de\/wordpress\/wp-json\/wp\/v2\/comments?post=1064"}],"version-history":[{"count":9,"href":"http:\/\/www.habakaki.de\/wordpress\/wp-json\/wp\/v2\/pages\/1064\/revisions"}],"predecessor-version":[{"id":2831,"href":"http:\/\/www.habakaki.de\/wordpress\/wp-json\/wp\/v2\/pages\/1064\/revisions\/2831"}],"up":[{"embeddable":true,"href":"http:\/\/www.habakaki.de\/wordpress\/wp-json\/wp\/v2\/pages\/2643"}],"wp:attachment":[{"href":"http:\/\/www.habakaki.de\/wordpress\/wp-json\/wp\/v2\/media?parent=1064"}],"curies":[{"name":"wp","href":"https:\/\/api.w.org\/{rel}","templated":true}]}}