{"id":1058,"date":"2011-08-11T09:34:24","date_gmt":"2011-08-11T07:34:24","guid":{"rendered":"http:\/\/www.habakaki.de\/wordpress\/?page_id=1058"},"modified":"2013-06-07T11:49:56","modified_gmt":"2013-06-07T09:49:56","slug":"spielberichte-2-herren","status":"publish","type":"page","link":"http:\/\/www.habakaki.de\/wordpress\/mannschaften\/historie\/spielberichte-2-herren","title":{"rendered":"&#8211; Spielberichte 2. Herren"},"content":{"rendered":"<p><span style=\"font-family: verdana,geneva; font-size: small;\"><strong><span style=\"color: black;\"><span style=\"color: black;\">TK Krefeld\u00a0III &#8211; TSV Kaldenkirchen 15-39 (6-16)<\/span><\/span><\/strong><\/span><\/p>\n<p><span style=\"color: black; font-family: verdana,geneva; font-size: small;\"><span style=\"color: black;\">Spitzenposition verteidigt<\/span><\/span><\/p>\n<p><span style=\"font-family: verdana,geneva; font-size: small;\">Die Zweite begann gegen den Tabellenletzten aus Krefeld sehr konzentriert. \u00dcber die 2 Welle wurde \u00fcber 1-3 und 3-9 ein 6-16 zur Halbzeit eingefahren, <\/span><br \/><span style=\"font-family: verdana,geneva; font-size: small;\">Durch konsequentes Tempospiel auch in der 2 Halbzeit zog man schnell \u00fcner 8-23 auf 10-31 davon. Arno Heyer spielte wie in seinen besten Tagen. Auch Matthias Heinrichs findet nach seinem China-Aufenthalt zur gewohnt starken Leistung zur\u00fcck. Am Ende siegte man verdient 15-39.<\/span><\/p>\n<p><span style=\"font-family: verdana,geneva; font-size: small;\">F\u00fcr den TSV spielten und trafen:<\/span><br \/><span style=\"font-family: verdana,geneva; font-size: small;\">Schnock, Heyer 13, Heinrichs 9, Wieland 5, Kreetz 4, Gurrath 3, H\u00f6lter 2, Wolters, Stumpe und Heyer T. je 1, Weingarten<\/span><\/p>\n<p><span style=\"font-family: verdana,geneva; font-size: small;\">Spielfilm:<\/span><br \/><span style=\"font-family: verdana,geneva; font-size: small;\">1-3, 3-9, 6-16, 7-20, 9-28, 13-34, 15-39<\/span><\/p>\n<hr \/>\n<p><span style=\"font-family: verdana,geneva; font-size: small;\"><strong><span style=\"color: black;\"><span style=\"color: black;\">15.10.11 TSV Kaldenkirchen &#8211; Burgfried Linn II 26-23 (15-11)<\/span><\/span><\/strong><\/span><\/p>\n<p><span style=\"font-family: verdana,geneva; font-size: small;\">Spitzenreiter \ud83d\ude09 <\/span><\/p>\n<p><span style=\"font-family: verdana,geneva; font-size: small;\">Im Spitzenspiel ben\u00f6tigte die Zweite rund 20 Minuten Abstimmungszeit, ehe man \u00fcber 7-10 mit 15-11 in die Halbzeit ging. Nach rund 8 Minuten in der zweiten Halbzeit (18-12) hat man sich von der Hektik des Gegners anstecken lassen und verlor ein wenig den Faden. Linn konnte auf 19-18 verk\u00fcrzen. Der starke Thomas Heyer (3) brachte wieder Stabilit\u00e4t in die Abwehr und konnte sich als Torsch\u00fctze auszeichnen. Das Zusammenspiel mit dem besten Torsch\u00fctzen des Spiels &#8211; S\u00f6ren Wieland (9) &#8211; klappte hervorragend. Arno Heyer dirigierte die Zweite zum 26-23 Sieg und somit auf den ersten Platz der Kreisliga B.<\/span><\/p>\n<p><span style=\"font-family: verdana,geneva; font-size: small;\">S\u00f6ren Wieland 9, Matthias Heinrichs 5, Andre Gurrath 3, Arno Heyer 3, Thomas Heyer 3, Martin Weingarten 1, Marco H\u00f6lter 1, Andre Coenen 1<\/span><\/p>\n<p><span style=\"font-family: verdana,geneva; font-size: small;\">Spielfilm:<br \/>3-3, 7-10, 15-11 \/ 18-12, 19-18, 22-19, 26-23<\/span><\/p>\n<hr \/>\n<p><span style=\"font-family: verdana,geneva; font-size: small;\"><strong>08.10.11 Treudeutsch Lank III &#8211; TSV Kaldenkirchen\u00a0 21-23 (8-12)<\/strong><\/span><\/p>\n<p><span style=\"font-family: verdana,geneva; font-size: small;\">Neuformierte Zweite siegt im Spitzenspiel<\/span><\/p>\n<p><span style=\"font-family: verdana,geneva; font-size: small;\">Aufgrund diverser Verletzungen und Absagen musste die II auf alte erfahrene Haudegen zur\u00fcckgreifen. Markus Schmiegelt, der Trainer der I. Herren und Arno Heyer erg\u00e4nzten den Kader der Zweiten. China Heimkehrer Matthias Heinrichs gab ebenfalls sein Debut in der Saison 11\/12.<\/span><\/p>\n<p><span style=\"font-family: verdana,geneva; font-size: small;\">\u00dcberraschend startete die neuformierte Sieben gut in die Partie. Aus einer guten Abwehr heraus wurde scneller und zielstrebiger Handball gespielt. \u00dcber 4-1 und 8-4 ging man souver\u00e4n in F\u00fchrung. S\u00f6ren Wielnad zeichnete sich als sicherer R\u00fcckraumsch\u00fctze aus. Lank, bisher Tabellenf\u00fchrer, fiel nicht wirklich etwas gegen dien TSV ein. Mit einem f\u00fcr Lank schmeichelhaften 12-8 ging man in die Pause.<\/span><\/p>\n<p><span style=\"font-family: verdana,geneva; font-size: small;\">Die II konnte kurz nach der Pause den Vorsprung auf 15-10 (37) ausbauen. Danach konzentrierte man sich jedoch mehr auf die hektischen Aktionen der Gegner und verlor aufgrund der jetzt aufkommenden Stimmung gegen sich komplett den Faden. Zu schnell abgeschlossene Angriffe brachten den TSV sogar mit 19-21 (52) ins Hintertreffen.<\/span><\/p>\n<p><span style=\"font-family: verdana,geneva; font-size: small;\">Jetzt zahlte sich aber aus, dass erfahrene Handballer in Reihen des TSV standen. Mit ruhigem \u00fcbersichtlichen Spiel fand man wieder in das Spiel zur\u00fcck. Torh\u00fcter Schnock hielt jetzt endlich ein paar B\u00e4lle und Lank konnte aus diesem Grund kein Tor mehr erzielen. <\/span><br \/><span style=\"font-family: verdana,geneva; font-size: small;\">Martin Weingarten erzielte den viel umjubelten 23-21 Endstand 10 Sekunden vor Schlu\u00df.<\/span><br \/><span style=\"font-family: verdana,geneva; font-size: small;\">F\u00fcr die Zweite spielte:<\/span><br \/><span style=\"font-family: verdana,geneva; font-size: small;\">Schnock, Gurrath, Wieland 5, Schmiegelt 4, Heinrichs 4, Kreetz 5, H\u00f6lter 2, Heyer 2, Weingarten 1, Stumpe<\/span><\/p>\n<p><span style=\"font-family: verdana,geneva; font-size: small;\">Spielfilm:<br \/>1-4, 4-8, 5-10, 8-12 \/ 10-15, 16-18, 19-19, 21-19, 21-23.<\/span><\/p>\n<hr \/>\n<p><span style=\"font-family: verdana,geneva;\"><strong><span style=\"font-size: small;\">01.10.11 TV Anrath\u00a02 &#8211; \u00a0TSV Kaldenkirchen \u00a019:21 (10:8)<\/span><\/strong><\/span><\/p>\n<p><span style=\"font-family: verdana,geneva; font-size: small;\">Ein teuer erkaufter Sieg<\/span><\/p>\n<p><span style=\"font-family: verdana,geneva; font-size: small;\">Die Zweite startete genauso wie in der Vorwoche mit 3-0 in die Partie, vergab jedoch bis zur 10 Minuten weitere hochkar\u00e4tige Chance um das Ergebnis weiter auszubauen. Hierdurch verlor man die Sicherheit und Anrath konnte sich \u00fcber eine harte Gangart zur\u00fcck in das Spiel k\u00e4mpfen. Der TSV verlor nun absolut den Faden &#8211; die Schiedsrichter gaben durch fragw\u00fcrdige Entscheidungen ihr n\u00f6tiges hinzu. Anrath ging erstmalig mit 7-6 (23.) in F\u00fchrung und baute den Vorsprung bis auf 10-8 zur Halbzeit aus. Die Zweite verlor bereits in Minute 20. Thomas Endberg durch Verletzung.In der 2 Halbzeit baute Anrath die F\u00fchrung \u00fcber 13-8 auf 16-12 (40.Minute) aus. Jetzt verteilten die Schiedsrichter mehrere 2 Minuten Strafen, hierdurch kam der TSV zur\u00fcck in das Spiel und konnte durch r\u00fchigen \u00fcbersichtlichen Handball das Ergebnis auf 21-18 (55 Minute) korrigieren. Mit 21-19 trennte man sich schlie\u00dflich.Traurig f\u00fcr den TSV ist, dass neben Thomas Endberg (Fu\u00dfquetschung) auch Esko Bahn (Handbruch) mit einer schweren Verletzung aus der Partie ging.Torsch\u00fctzen: Bahn 12, Coenen 3, Gurrath 3, Kreetz, Weingarten und H\u00f6lter je 1.<\/span><\/p>\n<hr \/>\n<p><span style=\"font-family: verdana,geneva;\"><strong><span style=\"font-size: small;\">24.09.11 TSV Kaldenkirchen &#8211; Germania Oppum 2\u00a0 30:21 (16:8)<\/span><\/strong><\/span><\/p>\n<p><span style=\"font-family: verdana,geneva; font-size: small;\">Souver\u00e4ner Saisonauftakt<br \/>Die Zweite startete mit schnellem Spiel aus sicherer Anwehr in die Partie gegen den Aufsteiger aus Oppum. \u00dcber 6-2 und 10-4 ging es mit 16-8 in die Halbzeit.Im zweiten Durchgang baute die Mannschaft die F\u00fchrung bis auf 29-17 aus, vergab aber in den letzten Minuten einen h\u00f6heren Sieg. Das 30-21 spiegelt den Spielverlauf aber gerecht wieder. Torsch\u00fctzen: Endberg 7, Bahn 6, Coenen 5, Sievers 5, Wieland 2, Wolters 2, Weingarten, Gurrath und Kreetz je 1.<\/span><\/p>\n","protected":false},"excerpt":{"rendered":"<p>TK Krefeld\u00a0III &#8211; TSV Kaldenkirchen 15-39 (6-16) Spitzenposition verteidigt Die Zweite begann gegen den Tabellenletzten [&hellip;]<\/p>\n","protected":false},"author":3,"featured_media":0,"parent":2643,"menu_order":5,"comment_status":"closed","ping_status":"closed","template":"","meta":{"ngg_post_thumbnail":0,"gutenify_custom_css":"","gutenify_custom_css_data":""},"_links":{"self":[{"href":"http:\/\/www.habakaki.de\/wordpress\/wp-json\/wp\/v2\/pages\/1058"}],"collection":[{"href":"http:\/\/www.habakaki.de\/wordpress\/wp-json\/wp\/v2\/pages"}],"about":[{"href":"http:\/\/www.habakaki.de\/wordpress\/wp-json\/wp\/v2\/types\/page"}],"author":[{"embeddable":true,"href":"http:\/\/www.habakaki.de\/wordpress\/wp-json\/wp\/v2\/users\/3"}],"replies":[{"embeddable":true,"href":"http:\/\/www.habakaki.de\/wordpress\/wp-json\/wp\/v2\/comments?post=1058"}],"version-history":[{"count":8,"href":"http:\/\/www.habakaki.de\/wordpress\/wp-json\/wp\/v2\/pages\/1058\/revisions"}],"predecessor-version":[{"id":2818,"href":"http:\/\/www.habakaki.de\/wordpress\/wp-json\/wp\/v2\/pages\/1058\/revisions\/2818"}],"up":[{"embeddable":true,"href":"http:\/\/www.habakaki.de\/wordpress\/wp-json\/wp\/v2\/pages\/2643"}],"wp:attachment":[{"href":"http:\/\/www.habakaki.de\/wordpress\/wp-json\/wp\/v2\/media?parent=1058"}],"curies":[{"name":"wp","href":"https:\/\/api.w.org\/{rel}","templated":true}]}}